3) + -25)*-7 prime?
False
Let h(g) = g + 217. Suppose -3*t = -4*w + 16, 0*t - 2*t - 2*w + 8 = 0. Is h(t) a prime number?
False
Suppose -4*z - 9895 = -4*j + 917, -5*z + 20 = 0. Is j a composite number?
False
Suppose -3*r = -32 - 220. Let a = 13 + r. Is a a composite number?
False
Suppose 86 = 5*x + 541. Suppose -19 = -r - 187. Let i = x - r. Is i composite?
True
Let f be (-6)/(((-63)/(-6))/7). Let t(z) = 3*z**2 + 4*z - 1. Is t(f) a prime number?
True
Let g be 584/10 - (-12)/20. Let j = -6 + g. Is j composite?
False
Is (-1 + (-87)/(-1))/2 a prime number?
True
Suppose -k - 3*b - 4 = 4, 5*b = -3*k - 8. Is (-3 - -4) + k*213 prime?
True
Let a be (-3)/(9/6 + -3). Suppose 18 = 3*l - 3*t, -a*l - t = -0*t - 3. Suppose -7*b + 2*c = -5*b - 168, 5*b = -l*c + 460. Is b a prime number?
True
Suppose 3*s - 5*r + 3 = -7, -4*s + 8 = 4*r. Suppose -2*t + 179 - 65 = s. Is t prime?
False
Suppose 2*g - 1842 = -4*g. Is g a composite number?
False
Let l(s) = -177*s. Let x be l(-3). Suppose 2*a = -a + x. Is a a prime number?
False
Let q be 1*526*9/(-6). Let n = 1456 + q. Let z = 1014 - n. Is z composite?
False
Suppose -4*n + 76 + 96 = 0. Let w = n - -10. Is w a composite number?
False
Let f(r) = r**2 + 11*r + 33. Is f(-18) a prime number?
False
Let p be (3/(-6))/(2/(-4)). Is -1*p/(-1)*37 a composite number?
False
Suppose 5250 = 5*x + 3*b - 4*b, 2*x - 5*b - 2123 = 0. Is x composite?
False
Let p = 581 - -1593. Is p prime?
False
Let i(u) = 2*u**3 + 4*u**2 + u - 11. Is i(6) a composite number?
False
Let x(p) = 12*p**2 - 3*p + 1. Suppose -i + 6 = 2*i. Let u be x(i). Suppose h + 0*h = u. Is h a prime number?
True
Is 795 - ((-15)/(-20) - 22/8) a composite number?
False
Let v(q) = q**3 + 18*q**2 + 10*q - 3. Is v(-14) prime?
True
Let b(a) = 2*a**2 - 15*a - 5. Let i be ((-9)/12)/(1/(-16)). Is b(i) a composite number?
False
Let r(n) = 13*n**2 + 5*n - 3. Is r(-4) prime?
False
Suppose 5*f - 104 = f. Is f a prime number?
False
Let u(x) = 2 - 11*x + 3 - 6. Suppose 0 = -w + 4*s - 22, 2*s = -4*w - w - 22. Is u(w) prime?
False
Is (-3316)/(-10) - (-18)/(-30) prime?
True
Let w = -30 - -65. Let i(m) = m**2 + m + 2. Let r be i(-2). Suppose 3*g = 5*o + w, 4*o = -0 - r. Is g a composite number?
True
Suppose -12*x + 10*x = -3178. Is x composite?
True
Is (9 + -8)/(1/113) a prime number?
True
Suppose -3*q = q - 836. Is q composite?
True
Let b = 91 - -160. Is b a composite number?
False
Let q = 14 + -8. Is q prime?
False
Suppose -3*k = -n - 0*k + 5, -k = 1. Suppose 141 + 527 = n*c. Is c composite?
True
Suppose 4*v - 3*v - 51 = 0. Is ((-15)/(-9) + -1)*v composite?
True
Let w(h) = -6*h - 1. Suppose 4*q + 4*u - 7 = -23, -26 = 4*q - u. Let r be 4/q + 32/(-6). Is w(r) a composite number?
True
Let j(k) = 20*k**3 - k + 4. Is j(3) composite?
False
Let r(i) = -7*i**3 - 27*i**3 + i - 16*i**3. Let a(p) = p + 1. Let b be a(-2). Is r(b) prime?
False
Let v be (-34)/(-10) + (-4)/10. Let i be v - (-2 + 3 + 2). Suppose i = -5*x + 2*b + 797, -4*x - 5*b + b + 660 = 0. Is x a composite number?
True
Suppose 3*q + 4*a = 6*a + 395, 0 = 2*q - a - 264. Is q prime?
False
Let v(y) = 63*y - 1. Let n be v(5). Let d = -187 + n. Is d prime?
True
Let u = -89 + 129. Let w = u + 15. Is w prime?
False
Let h be 164 - 2/((-6)/(-3)). Let k = h - 98. Is k a composite number?
True
Suppose 0*s - 3*s + 396 = 0. Suppose 0*n - 4*n = -s. Is n*(0 - 10/(-6)) a composite number?
True
Let i(a) = -100*a + 2. Let u be i(-1). Suppose 0 = -c + u - 23. Is c prime?
True
Let x = 117 + 44. Is x a prime number?
False
Let i = -1389 - -3476. Let g = i - 1418. Is g prime?
False
Let u = 10 + -5. Suppose n + 40 = u*n. Is n a prime number?
False
Suppose -3*l + 5*p = -106, -3*l = -7*l + 3*p + 145. Is l a prime number?
True
Let m(f) = f**3 - 9*f**2 - 3*f + 5. Let z be m(7). Let u = -47 - z. Is u composite?
False
Is (1758/(-15))/(4/(-10)) prime?
True
Suppose d + 3*d = 16. Let n be 399/(-15) + d/(-10). Is 4*(1 - n/12) composite?
False
Suppose -150 = -r + 85. Is r a prime number?
False
Suppose 0 = -2*m - 10, i + 4*m - 3*m = 114. Is i a composite number?
True
Suppose -2*f + 88 = -3*i, -3*f - 2*i + 7*i = -131. Is f a composite number?
False
Suppose 6 = -3*i, 5*f + 0*i = 5*i + 40. Is (-12)/(-8) + 117/f a prime number?
False
Suppose -2*f - 28 + 144 = 0. Is f a composite number?
True
Let k(n) = -n**2 + 7*n + 2. Let p be k(7). Suppose 34 = 5*a - 4*t, 0*a = 3*a + p*t - 38. Is a a composite number?
True
Let p = -59 + 190. Suppose -2*b = 3 + 3, -p = -2*u + 5*b. Is u prime?
False
Suppose 7*d + d - 9128 = 0. Is d prime?
False
Suppose -j - 1 = -3*g, -5*j + g = -3*j + 17. Let y = 12 + j. Suppose 54 = a - y*i + i, -111 = -2*a + 5*i. Is a composite?
False
Let f = -1623 + 3220. Is f composite?
False
Suppose 5*l - u - 20048 = 0, -4*u + 10970 = 2*l + 2964. Is l prime?
False
Is 256*1 + 7/(13 + -6) a prime number?
True
Suppose 0 = -2*t - f + 99, -2*t = -6*t + 3*f + 203. Let m = t + 95. Suppose -2*i - 2*y = -y - 71, m = 4*i + y. Is i a composite number?
False
Let l(j) = -j**2 - 3*j**2 - 4*j**3 + 5*j**2 + 3*j**3 - j + 74. Let n be l(0). Suppose d + d = n. Is d prime?
True
Let s(a) = a**3 + 9*a**2 + 8*a - 5. Let c be s(-8). Let g(o) = o**3 + 4*o**2 - 4*o - 2. Let q be g(c). Let x(z) = -2*z + 8. Is x(q) composite?
True
Suppose -2*s + 7*s = 2*p - 377, 4*p = 4*s + 760. Is p a composite number?
False
Suppose 2*l = -4*n + 5*n - 1, -n + 1 = -3*l. Suppose l*q + 326 = 2*q. Is q prime?
True
Let d(m) = -m**3 + 10*m**2 - 10*m + 7. Let x be d(6). Let t = 26 + x. Suppose -4*v = -v - t. Is v a prime number?
False
Let f = -11 - -4. Let z(v) = -v**3 - 7*v**2 - v - 5. Let w be z(f). Suppose 0 = p + w*p - 147. Is p composite?
True
Let n = -4 + 6. Let z = n - -1. Suppose -3*g + 19 = -2*o, 4*g - 3*g + z*o = 21. Is g prime?
False
Let o(i) = -7*i + 6. Let b(g) = -1. Let f(d) = -6*b(d) - o(d). Suppose 5*w + 3*r = 0, 2*w + 3*r + 14 = -r. Is f(w) composite?
True
Let p(c) = -4*c - 9. Suppose j + 4*k = -j - 26, -3*j + k = 18. Let u = j - -1. Is p(u) prime?
False
Let a be -1 + 0 + 1 - -3. Suppose -l = 3*c + 275, -7*c + 2*l = -a*c + 360. Let g = 128 + c. Is g a prime number?
True
Let y(z) = z**2 - z - 1. Is y(10) a composite number?
False
Suppose -3 = 2*f + 3*d + 1, 5*d + 4 = -4*f. Suppose 24 = 5*o + f. Suppose -5*w + o = -411. Is w prime?
True
Let w = -289 + 159. Suppose 3*m + 1061 = 2*u, -3*m + 0*u + 4*u - 1063 = 0. Let b = w - m. Is b a prime number?
True
Suppose 4 = m - 1. Suppose -115 = -4*c - r - 4*r, 60 = c - m*r. Is c composite?
True
Let t(f) = -29*f - 1. Let w be t(-1). Suppose 0 + w = -4*j. Let l(q) = -q**3 - 6*q**2 + 2*q - 1. Is l(j) prime?
False
Suppose -4*r - 5*y + 1 = 0, 3*r - 3*y = 2*y + 27. Is 14/((r + -1)/3) composite?
True
Is 2/(-1 - 1420/(-1412)) a prime number?
True
Suppose -z = 2*z - 186. Is z a prime number?
False
Let j be -1*(2 + -10 + -1). Suppose -25 = 4*i - j*i. Suppose -5*y = -2*r - 573, 0*y + 585 = i*y - 5*r. Is y a prime number?
True
Suppose 0 = 3*p - 191 - 940. Is p a prime number?
False
Let t(m) = 3*m - 1 - 1 - 1 - 7*m. Let n be t(-2). Is 2/n - 2530/(-50) prime?
False
Let c be (-3)/6 + 1/2. Let p be c/(-1*(-3)/3). Suppose 0*v + 5*q = v - 44, 5*v - 5*q - 240 = p. Is v prime?
False
Suppose 5*y = 2750 + 5365. Is y a prime number?
False
Let q be 5*1 + (4 - 7). Let s be q/12 + (-635)/(-6). Suppose 0*z + s = 2*z. Is z a prime number?
True
Let f = -31 + 434. Is f prime?
False
Suppose 271 = 3*s + s + h, -274 = -4*s - 2*h. Is s a composite number?
False
Suppose -9107 + 2395 = -4*m. Is m a prime number?
False
Suppose -3*d + 6 = -0. Let a be (d + -3 + 0)*-1. Is -4*(-81)/6 - a a prime number?
True
Let n = -3 + 8. Suppose n*a + 4*d + d = 215, -2*a = 3*d - 86. Is a a composite number?
False
Let m(i) = 17*i**2 + 4*i - 3*i - 16*i**2 + 5 + 6*i. Is m(-8) a composite number?
False
Let z(h) = -6*h + 1. Suppose -2*g - q = -3*q + 16, 0 = -3*g + 4*q - 28. Is z(g) a composite number?
True
Suppose -6*b - 2320 = -2*b. Let v = -249 - b. Is v composite?
False
Let c be -1*1 + (5 - 114). Let t = 398 - 599. Let d = c - t. Is d composite?
True
Let z = -6 + 29. Is z prime?
True
Is (-6854)/(-6) + 8/(-6) prime?
False
Suppose -2*o - 3*v = -1249, 4*o + 0*v - 2522 = 2*v. Is o composite?
True
Is 71 - (-1 + (1 - -2)) composite?
True
Suppose 0 = d + p - 1, -p - 6 = p. Let u(l) = -l**3 + 4*l**2 - l. Let b be u(d). Is (-89